e
Is 9 a factor of 4083221?
False
Does 986 divide 1017700?
False
Is 15 a factor of 605490?
True
Does 205 divide 113133?
False
Is 3675185 a multiple of 73?
True
Does 205 divide 1074031?
False
Does 304 divide 10903254?
False
Is 942 a factor of 1468578?
True
Does 226 divide 55245?
False
Is 67 a factor of 383575?
True
Is 3650 a multiple of 2?
True
Is 829632 a multiple of 12?
True
Is 31 a factor of 3163798?
True
Does 395 divide 2257030?
True
Is 5702145 a multiple of 30?
False
Does 35 divide 889887?
False
Does 56 divide 1265432?
True
Is 25426294 a multiple of 58?
False
Is 33640 a multiple of 145?
True
Does 85 divide 506345?
True
Is 193639 a multiple of 14?
False
Does 35 divide 272405?
True
Is 61 a factor of 518927?
True
Does 171 divide 720662?
False
Is 7346276 a multiple of 98?
True
Is 8 a factor of 457810?
False
Is 13 a factor of 846300?
True
Does 45 divide 272414?
False
Is 1007652 a multiple of 262?
True
Is 7322700 a multiple of 275?
True
Is 565 a factor of 1552620?
True
Is 158 a factor of 4331585?
False
Is 5275875 a multiple of 375?
True
Does 62 divide 521730?
True
Is 3133916 a multiple of 68?
True
Is 1051 a factor of 498174?
True
Does 48 divide 3421152?
True
Does 38 divide 382014?
True
Is 1451865 a multiple of 13?
False
Does 13 divide 26963056?
False
Is 5 a factor of 185970?
True
Is 9 a factor of 498780?
True
Does 699 divide 1848584?
False
Is 49692 a multiple of 101?
True
Is 146 a factor of 2159005?
False
Is 1114238 a multiple of 17?
False
Is 1006751 a multiple of 5?
False
Is 28 a factor of 1152284?
True
Is 11 a factor of 12126543?
True
Is 2067508 a multiple of 22?
False
Is 122156 a multiple of 3?
False
Is 349947 a multiple of 39?
True
Is 170 a factor of 66816?
False
Does 176 divide 146444?
False
Is 191 a factor of 7432496?
False
Is 11 a factor of 11792?
True
Is 708496 a multiple of 4?
True
Does 45 divide 85261?
False
Is 1823807 a multiple of 167?
True
Is 1728663 a multiple of 282?
False
Does 8 divide 320067?
False
Is 61 a factor of 156953?
True
Is 196 a factor of 4116?
True
Does 9 divide 441076?
False
Does 53 divide 5345739?
True
Is 2724176 a multiple of 16?
True
Does 25 divide 143175?
True
Is 36 a factor of 106083?
False
Is 151360 a multiple of 4?
True
Does 4 divide 6576?
True
Does 91 divide 437409?
False
Does 22 divide 9146148?
True
Does 9 divide 280343?
False
Is 11399644 a multiple of 10?
False
Does 154 divide 5050430?
True
Is 36 a factor of 40501?
False
Does 46 divide 1027409?
False
Does 31 divide 37959?
False
Is 131 a factor of 48601?
True
Is 26 a factor of 682466?
False
Does 66 divide 38770?
False
Does 408 divide 750469?
False
Is 650286 a multiple of 63?
True
Does 20 divide 8598840?
True
Is 1448986 a multiple of 882?
False
Does 65 divide 199886?
False
Is 191 a factor of 9628?
False
Is 3523582 a multiple of 85?
False
Does 57 divide 1042357?
False
Does 141 divide 48081?
True
Is 267815 a multiple of 9?
False
Is 140675 a multiple of 17?
True
Is 147484 a multiple of 5?
False
Is 1077 a factor of 16146384?
True
Is 119 a factor of 12888104?
False
Is 357000 a multiple of 210?
True
Is 11 a factor of 614350?
True
Is 197148 a multiple of 28?
True
Does 11 divide 344421?
True
Is 297988 a multiple of 943?
True
Is 9 a factor of 28143?
True
Does 175 divide 284375?
True
Does 10 divide 486770?
True
Does 8 divide 193128?
True
Does 12 divide 9624?
True
Is 17 a factor of 466446?
True
Is 39456 a multiple of 24?
True
Is 249484 a multiple of 15?
False
Is 260556 a multiple of 31?
False
Is 2369821 a multiple of 7?
False
Is 3025272 a multiple of 307?
False
Is 64512 a multiple of 36?
True
Is 30654 a multiple of 11?
False
Is 355168 a multiple of 14?
False
Is 50 a factor of 139750?
True
Does 148 divide 243655?
False
Is 37 a factor of 2413399?
True
Is 1642197 a multiple of 156?
False
Does 105 divide 398895?
True
Is 40 a factor of 810619?
False
Does 533 divide 1044147?
True
Does 139 divide 1075182?
False
Is 12 a factor of 77927?
False
Is 25 a factor of 1711500?
True
Does 32 divide 136?
False
Does 109 divide 578354?
True
Is 7546260 a multiple of 20?
True
Does 176 divide 168536?
False
Is 21 a factor of 61089?
True
Does 147 divide 2679222?
True
Is 505608 a multiple of 374?
False
Is 280 a factor of 869556?
False
Is 559880 a multiple of 8?
True
Is 21 a factor of 103033?
False
Is 280 a factor of 73640?
True
Is 295 a factor of 179360?
True
Does 4 divide 20516?
True
Is 261 a factor of 884311?
False
Does 670 divide 263418?
False
Is 310 a factor of 921630?
True
Is 7 a factor of 103734?
False
Is 1343691 a multiple of 294?
False
Does 135 divide 4410180?
True
Is 26344 a multiple of 148?
True
Does 124 divide 140988?
True
Does 5 divide 29965?
True
Does 61 divide 69631?
False
Does 785 divide 4889765?
True
Is 41 a factor of 1946?
False
Is 2613060 a multiple of 522?
False
Is 6 a factor of 2237?
False
Is 14 a factor of 710010?
True
Is 162541 a multiple of 59?
False
Is 78 a factor of 357176?
False
Is 41 a factor of 456617?
True
Does 1047 divide 14195052?
False
Is 9 a factor of 4876660?
False
Is 375651 a multiple of 27?
True
Is 88 a factor of 6407544?
True
Does 532 divide 100016?
True
Is 7 a factor of 2272574?
False
Is 41 a factor of 28331?
True
Is 10008076 a multiple of 791?
False
Does 214 divide 572705?
False
Is 114448 a multiple of 311?
True
Does 54 divide 162000?
True
Is 1525568 a multiple of 484?
True
Is 1153356 a multiple of 862?
True
Is 2516281 a multiple of 19?
False
Does 568 divide 522454?
False
Does 14 divide 1343191?
False
Is 24 a factor of 215472?
True
Is 1654800 a multiple of 591?
True
Is 671669 a multiple of 23?
True
Is 1344859 a multiple of 625?
False
Is 1940723 a multiple of 197?
False
Does 58 divide 387682?
False
Is 232 a factor of 1177404?
False
Is 7 a factor of 19001?
False
Is 138 a factor of 9910056?
True
Is 267 a factor of 1047246?
False
Is 15 a factor of 414555?
True
Is 54 a factor of 977575?
False
Is 841802 a multiple of 26?
True
Is 256734 a multiple of 6?
True
Is 1965041 a multiple of 107?
False
Is 23 a factor of 507242?
True
Does 12 divide 1182087?
False
Is 8517496 a multiple of 1161?
False
Does 10 divide 65908?
False
Is 16 a factor of 3788960?
True
Is 95950 a multiple of 19?
True
Is 289 a factor of 553301?
False
Is 4 a factor of 1624108?
True
Is 806807 a multiple of 11?
False
Is 78 a factor of 113724?
True
Does 40 divide 13381569?
False
Does 629 divide 509661?
False
Is 270 a factor of 13690401?
False
Does 48 divide 473430?
False
Does 77 divide 117040?
True
Does 12 divide 411540?
True
Is 1256449 a multiple of 51?
False
Is 36 a factor of 160992?
True
Is 10497265 a multiple of 32?
False
Does 183 divide 258945?
True
Does 74 divide 2292041?
False
Is 67 a factor of 170942?
False
Does 22 divide 14093858?
False
Is 318 a factor of 914886?
True
Does 240 divide 149037?
False
Does 55 divide 121218?
False
Is 525765 a multiple of 10?
False
Does 39 divide 11849175?
True
Is 99 a factor of 7032707?
False
Is 17116052 a multiple of 22?
False
Is 424348 a multiple of 482?
False
Is 9 a factor of 22879?
False
Does 114 divide 7433256?
True
Is 9 a factor of 74299?
False
Is 53 a factor of 1477216?
True
Is 244044 a multiple of 31?
False
Does 149 divide 271513?
False
Does 274 divide 4777464?
True
Does 44 divide 60324?
True
Is 30 a factor of 111054?
False
Does 12 divide 28080?
True
Does 1512 divide 11185776?
True
Is 284 a factor of 354432?
True
Is 20377366 a multiple of 8?
False
Is 422 a factor of 4401138?
False
Does 16 divide 250224?
True
Does 25 divide 2710236?
False
Is 14 a factor of 3790108?
True
Is 4004868 a multiple of 343?
True
Is 77 a factor of 373144?
False
Is 3017161 a multiple of 39?
False
Does 12 divide 735673?
False
Is 6503688 a multiple of 274?
False
Does 97 divide 388097?
True
Is 108658 a multiple of 26?
False
Is 18 a factor of 105444?
True
Is 78545 a multiple of 11?
False
Is 34 a factor of 598369?
False
Does 21 divide 412961?
False
Is 10 a factor of 45438?
False
Does 867 divide 2603199?
False
Is 7968 a multiple of 8?
True
Is 1585350 a multiple of 26?
True
Is 83157 a multiple of 4?
False
Is 34 a factor of 15136263?
False
Is 183 a factor of 293715?
True
Is 193 a factor of 672219?
True
Is 53 a factor of 2190649?
True
Is 83927 a multiple of 99?
False
Is 96 a factor of 131904?
True
Is 2642468 a multiple of 30?
False
Is 58 a factor of 165416?
True
Does 11 divide 111446?
False
Is 